1 (base 4) in base 6?
-3301
Convert -7599 (base 10) to base 3.
-101102110
What is 102a7 (base 13) in base 11?
1a8a7
Convert 1246 (base 9) to base 13.
56a
What is 1357 (base 12) in base 15?
9d7
Convert 63305 (base 7) to base 4.
3303203
-212000 (base 3) to base 12
-439
253 (base 9) to base 14
110
What is 3020 (base 4) in base 11?
172
Convert -14b15 (base 12) to base 16.
-7241
What is -11201200 (base 3) in base 11?
-2654
Convert -2216 (base 7) to base 12.
-565
What is 27388 (base 9) in base 8?
44164
What is 1341 (base 6) in base 13?
20b
Convert -18820 (base 11) to base 2.
-110011010100111
What is -54 (base 9) in base 8?
-61
-14719 (base 10) to base 8
-34577
What is -15b0 (base 12) in base 16?
-a14
Convert -458 (base 12) to base 6.
-2552
What is -14ca (base 16) in base 9?
-7263
12220 (base 4) to base 7
1144
Convert -315c (base 13) to base 3.
-100101020
c302 (base 14) to base 5
2033033
What is 27d (base 16) in base 7?
1600
216d (base 14) to base 7
22566
Convert -3322 (base 5) to base 8.
-716
What is 12516 (base 8) in base 2?
1010101001110
Convert -1101101110110 (base 2) to base 3.
-100122101
e43 (base 16) to base 14
148b
-1a9 (base 16) to base 4
-12221
Convert 2255 (base 8) to base 14.
617
Convert -10100011100101 (base 2) to base 8.
-24345
Convert -3313322 (base 4) to base 13.
-72b6
What is -16837 (base 11) in base 12?
-11817
What is -67b (base 14) in base 9?
-1677
3033 (base 7) to base 4
100131
Convert -11210012 (base 3) to base 10.
-3488
Convert 13121011 (base 4) to base 5.
1432102
What is 1115 (base 9) in base 3?
1010112
What is -1c63 (base 16) in base 14?
-2911
Convert 16151 (base 8) to base 16.
1c69
What is -40f (base 16) in base 7?
-3013
Convert -877 (base 13) to base 9.
-1881
100421 (base 5) to base 14
1272
-1021 (base 5) to base 3
-12001
What is 1870 (base 9) in base 11?
109a
What is -2412 (base 15) in base 3?
-101111222
What is -1298 (base 15) in base 6?
-30212
What is -433132 (base 7) in base 10?
-75532
Convert -23757 (base 11) to base 13.
-12737
Convert -2ab6a (base 12) to base 16.
-ec02
Convert 3b0 (base 14) to base 15.
347
What is -2cb9 (base 15) in base 2?
-10010110011000
13cd (base 14) to base 12
2049
What is 100101 (base 4) in base 8?
2021
-67b9 (base 12) to base 2
-10110011111101
-ecc (base 16) to base 7
-14021
What is -1013330 (base 4) in base 8?
-10774
What is 2231304 (base 5) in base 16?
9a9b
Convert 34153 (base 6) to base 7.
20025
What is -1000000 (base 2) in base 16?
-40
What is 1201122012 (base 3) in base 9?
51565
-3873 (base 9) to base 2
-101101010101
-30105 (base 8) to base 2
-11000001000101
Convert edba (base 15) to base 6.
1025034
Convert 3343 (base 5) to base 16.
1d9
156a (base 14) to base 9
5212
3225 (base 7) to base 12
7b6
-320310 (base 6) to base 10
-26034
Convert 533 (base 7) to base 14.
153
356 (base 9) to base 5
2134
Convert 6308 (base 15) to base 4.
11013011
Convert -17 (base 16) to base 15.
-18
What is -21010 (base 3) in base 15?
-cc
Convert 400 (base 16) to base 4.
100000
12535 (base 6) to base 2
11110001011
Convert -1210022 (base 3) to base 15.
-5be
-2b2a (base 16) to base 6
-123054
Convert 3450 (base 12) to base 2.
1011010111100
Convert -187 (base 10) to base 4.
-2323
-6cb (base 15) to base 6
-11045
What is 40222 (base 6) in base 5?
132040
What is 3525 (base 13) in base 8?
16453
Convert -64445 (base 7) to base 10.
-16007
Convert -333150 (base 6) to base 8.
-66432
Convert 122004 (base 6) to base 4.
2220310
What is 217305 (base 8) in base 14?
1ca7b
-1116 (base 7) to base 2
-110010101
Convert 10203 (base 5) to base 14.
366
What is 11260 (base 7) in base 10?
2884
What is -5a79 (base 11) in base 10?
-7951
20555 (base 7) to base 11
3905
What is -1335 (base 7) in base 10?
-516
-22c (base 16) to base 5
-4211
11343 (base 5) to base 15
3b8
-2034 (base 7) to base 11
-597
What is 241 (base 16) in base 12?
401
Convert 10440 (base 5) to base 11.
618
Convert -304 (base 6) to base 8.
-160
Convert -93a (base 13) to base 10.
-1570
-100111 (base 2) to base 6
-103
829 (base 14) to base 8
3105
What is 326 (base 12) in base 4?
13032
What is -7118 (base 9) in base 3?
-21010122
-1001100011000 (base 2) to base 6
-34344
Convert 1120 (base 15) to base 9.
4873
35080 (base 9) to base 15
6e00
Convert 114 (base 5) to base 9.
37
-503 (base 8) to base 15
-168
-4463 (base 8) to base 16
-933
What is -10200 (base 3) in base 7?
-201
What is 273 (base 15) in base 3?
202200
Convert -1111001100 (base 2) to base 9.
-1300
6d0 (base 14) to base 2
10101001110
Convert 15687 (base 10) to base 6.
200343
What is -678 (base 16) in base 14?
-864
6 (base 16) to base 11
6
233200 (base 4) to base 15
d7a
Convert 13312 (base 4) to base 11.
417
e3 (base 16) to base 9
272
What is -792 (base 12) in base 3?
-1112102
What is -1026 (base 7) in base 2?
-101101011
10101110011 (base 2) to base 9
1820
Convert 120011 (base 4) to base 16.
605
What is -132311 (base 4) in base 7?
-5516
What is 101110010 (base 2) in base 3?
111201
Convert 1300 (base 10) to base 7.
3535
-420 (base 6) to base 2
-10011100
10001100010 (base 2) to base 7
3162
What is 4246 (base 10) in base 14?
1794
Convert 279 (base 13) to base 14.
234
Convert -31232 (base 4) to base 3.
-1012112
744 (base 15) to base 4
121213
What is -37014 (base 8) in base 11?
-10a30
What is 20340 (base 7) in base 3?
20211100
-45033 (base 6) to base 3
-22121210
What is -10110 (base 3) in base 10?
-93
What is -7310 (base 11) in base 7?
-40153
Convert 11111110010001 (base 2) to base 13.
753a
Convert -22001 (base 3) to base 9.
-261
Convert 47637 (base 10) to base 2.
1011101000010101
Convert 2301 (base 6) to base 2.
1000011101
Convert 6401 (base 7) to base 9.
3075
Convert 1112233 (base 5) to base 14.
7269
What is -2662 (base 8) in base 4?
-112302
Convert -1001010111100110 (base 2) to base 12.
-1a25a
24358 (base 11) to base 9
53044
What is d8 (base 15) in base 6?
535
What is -3002013 (base 4) in base 14?
-4755
What is -385c (base 15) in base 12?
-6b50
What is -12120 (base 6) in base 7?
-5115
What is -130033 (base 4) in base 13?
-a90
Convert 937 (base 14) to base 16.
715
Convert -3bb (base 13) to base 10.
-661
2320 (base 4) to base 7
352
Convert -a7 (base 16) to base 2.
-10100111
-670 (base 8) to base 12
-308
5cab (base 14) to base 10
16223
4217 (base 12) to base 5
212334
What is 1130331 (base 4) in base 5?
142244
Convert 1390a (base 11) to base 2.
100110100010101
What is 42c (base 13) in base 16?
2ca
-10624 (base 7) to base 11
-2047
What is 3200 (base 4) in base 2?
11100000
What is -10200311 (base 4) in base 12?
-a845
Convert 60c (base 16) to base 6.
11100
What is 7279 (base 13) in base 15?
4a47
What is -1123101 (base 4) in base 3?
-22000100
What is -320553 (base 6) in base 5?
-1314013
Convert 1008 (base 13) to base 6.
14113
Convert 80 (base 14) to base 6.
304
-2a9 (base 15) to base 9
-746
1515 (base 12) to base 13
1178
42524 (base 9) to base 8
66741
What is -21201120 (base 3) in base 7?
-22263
Convert 11011220 (base 3) to base 4.
233220
What is -60301 (base 9) in base 13?
-1504c
-4117 (base 13) to base 3
-110022111
323012 (base 4) to base 11
2929
Convert -af5 (base 16) to base 13.
-137a
What is 20223 (base 4) in base 2?
1000101011
Convert -2414204 (base 5) to base 2.
-1010111110000001
What is 47 (base 8) in base 12?
33
Convert -2600 (base 12) to base 11.
-3278
Convert 489 (base 11) to base 10.
581
Convert 332 (base 5) to base 13.
71
3c5b (base 15) to base 2
11001001101111
What is 27436 (base 11) in base 13?
14a65
What is 0 (base 8) in base 16?
0
-411 (base 9) to base 7
-655
906 (base 14) to base 8
3352
Convert 15440 (base 7) to base 5.
114330
What is -22100120 (base 4) in base 16?
-a418
-176 (base 14) to base 6
-1220
What is 5875 (base 12) in base 3?
111112222
-41244 (base 5) to base 10
-2699
What is 1a88 (base 11) in base 4?
221031
What is 2647 (base 15) in base 5?
230132
Convert -5b92 (base 13) to base 3.
-122210010
45412 (base 6) to base 8
14420
What is -1122 (base 6) in base 2?
-100001010
What is 6503 (base 8) in base 14?
1347
649 (base 14) to base 2
10011011001
What is -649 (base 12) in base 16?
-399
Convert -82 (base 14) to base 10.
-114
What is -26 (base 10) in base 11?
-24
Convert 2112002 (base 3) to base 12.
1092
What is -2468 (base 9) in base 16?
-734
11271 (base 8) to base 9
6515
2304 (base 14) to base 9
8305
Convert -19